5323962?
2
What is the hundreds digit of 873325?
3
What is the units digit of 9513988?
8
What is the hundred thousands digit of 618612?
6
What is the hundreds digit of 1410320?
3
What is the units digit of 310186?
6
What is the units digit of 822196?
6
What is the thousands digit of 23755073?
5
What is the thousands digit of 180160?
0
What is the ten thousands digit of 1418708?
1
What is the millions digit of 4808980?
4
What is the units digit of 7887890?
0
What is the thousands digit of 925386?
5
What is the millions digit of 1084360?
1
What is the ten thousands digit of 1873799?
7
What is the hundred thousands digit of 7751275?
7
What is the millions digit of 8577656?
8
What is the hundreds digit of 289400?
4
What is the units digit of 229231?
1
What is the millions digit of 1611412?
1
What is the thousands digit of 1534554?
4
What is the thousands digit of 13663563?
3
What is the thousands digit of 17447?
7
What is the hundreds digit of 360586?
5
What is the hundred thousands digit of 1361685?
3
What is the ten thousands digit of 1266972?
6
What is the hundred thousands digit of 511996?
5
What is the hundreds digit of 389260?
2
What is the millions digit of 3593717?
3
What is the tens digit of 130373?
7
What is the ten thousands digit of 12229725?
2
What is the tens digit of 1598899?
9
What is the tens digit of 432720?
2
What is the tens digit of 8367836?
3
What is the thousands digit of 212453?
2
What is the tens digit of 152874?
7
What is the units digit of 8535?
5
What is the thousands digit of 192509?
2
What is the ten millions digit of 22385591?
2
What is the thousands digit of 6780683?
0
What is the hundred thousands digit of 288461?
2
What is the ten thousands digit of 932211?
3
What is the hundreds digit of 86955?
9
What is the tens digit of 6423243?
4
What is the thousands digit of 1845073?
5
What is the hundred thousands digit of 7873869?
8
What is the thousands digit of 5661680?
1
What is the tens digit of 6194679?
7
What is the hundred thousands digit of 190504?
1
What is the thousands digit of 2236217?
6
What is the hundred thousands digit of 13711907?
7
What is the hundreds digit of 259458?
4
What is the units digit of 304098?
8
What is the units digit of 439067?
7
What is the ten thousands digit of 12529829?
2
What is the hundred thousands digit of 528827?
5
What is the tens digit of 300306?
0
What is the tens digit of 2968057?
5
What is the ten thousands digit of 108094?
0
What is the hundred thousands digit of 1852590?
8
What is the ten thousands digit of 41252?
4
What is the tens digit of 3999736?
3
What is the hundreds digit of 131790?
7
What is the ten thousands digit of 566616?
6
What is the ten thousands digit of 12078?
1
What is the ten thousands digit of 246028?
4
What is the ten thousands digit of 391869?
9
What is the ten thousands digit of 5177614?
7
What is the ten thousands digit of 10849651?
4
What is the tens digit of 7352142?
4
What is the hundred thousands digit of 11487250?
4
What is the hundreds digit of 1804929?
9
What is the millions digit of 4319019?
4
What is the hundreds digit of 273213?
2
What is the hundreds digit of 1415731?
7
What is the millions digit of 2704285?
2
What is the hundreds digit of 602131?
1
What is the hundred thousands digit of 1681263?
6
What is the tens digit of 195375?
7
What is the ten thousands digit of 19269478?
6
What is the millions digit of 18255369?
8
What is the thousands digit of 2771904?
1
What is the ten thousands digit of 4710912?
1
What is the hundred thousands digit of 7366659?
3
What is the ten thousands digit of 1448657?
4
What is the millions digit of 1347882?
1
What is the ten thousands digit of 28706405?
0
What is the ten thousands digit of 905334?
0
What is the units digit of 538005?
5
What is the thousands digit of 973873?
3
What is the thousands digit of 3102552?
2
What is the hundred thousands digit of 137886?
1
What is the units digit of 101476?
6
What is the units digit of 1884401?
1
What is the ten thousands digit of 3574408?
7
What is the tens digit of 26211614?
1
What is the hundred thousands digit of 2419295?
4
What is the units digit of 69011?
1
What is the hundred thousands digit of 1163940?
1
What is the units digit of 3423510?
0
What is the ten thousands digit of 245035?
4
What is the ten thousands digit of 852194?
5
What is the thousands digit of 5456980?
6
What is the ten thousands digit of 2228731?
2
What is the ten thousands digit of 1093302?
9
What is the hundreds digit of 4403397?
3
What is the ten thousands digit of 1106777?
0
What is the thousands digit of 2163840?
3
What is the hundred thousands digit of 4365453?
3
What is the hundreds digit of 1022109?
1
What is the thousands digit of 696986?
6
What is the thousands digit of 276936?
6
What is the hundreds digit of 1635611?
6
What is the units digit of 345447?
7
What is the hundreds digit of 162481?
4
What is the tens digit of 811156?
5
What is the millions digit of 15211830?
5
What is the tens digit of 4492648?
4
What is the thousands digit of 79435?
9
What is the hundred thousands digit of 301806?
3
What is the tens digit of 3524141?
4
What is the millions digit of 2576263?
2
What is the hundred thousands digit of 32003276?
0
What is the ten thousands digit of 53441?
5
What is the hundreds digit of 412556?
5
What is the tens digit of 1213783?
8
What is the thousands digit of 594495?
4
What is the tens digit of 4397741?
4
What is the thousands digit of 22135750?
5
What is the ten thousands digit of 2955521?
5
What is the thousands digit of 546593?
6
What is the hundred thousands digit of 384113?
3
What is the units digit of 359737?
7
What is the hundreds digit of 255769?
7
What is the hundred thousands digit of 152894?
1
What is the thousands digit of 11255847?
5
What is the hundred thousands digit of 250222?
2
What is the thousands digit of 808941?
8
What is the tens digit of 846749?
4
What is the hundreds digit of 562956?
9
What is the units digit of 528720?
0
What is the hundreds digit of 247549?
5
What is the units digit of 32990?
0
What is the ten thousands digit of 215175?
1
What is the hundreds digit of 13985614?
6
What is the millions digit of 1440161?
1
What is the hundred thousands digit of 1391105?
3
What is the hundreds digit of 428092?
0
What is the tens digit of 952658?
5
What is the thousands digit of 19909844?
9
What is the ten thousands digit of 1234032?
3
What is the tens digit of 569?
6
What is the hundreds digit of 1546939?
9
What is the units digit of 272759?
9
What is the hundreds digit of 2583569?
5
What is the ten thousands digit of 26238205?
3
What is the tens digit of 17047689?
8
What is the units digit of 8469?
9
What is the tens digit of 1624527?
2
What is the ten thousands digit of 5998737?
9
What is the tens digit of 93047?
4
What is the thousands digit of 20304868?
4
What is the tens digit of 156368?
6
What is the hundreds digit of 14382469?
4
What is the tens digit of 266868?
6
What is the millions digit of 1205053?
1
What is the units digit of 547317?
7
What is the millions digit of 2158030?
2
What is the tens digit of 222358?
5
What is the units digit of 923348?
8
What is the thousands digit of 887193?
7
What is the tens digit of 16582398?
9
What is the units digit of 455555?
5
What is the hundreds digit of 1876500?
5
What is the ten thousands digit of 986902?
8
What is the ten thousands digit of 376123?
7
What is the units digit of 700287?
7
What is the hundreds digit of 159346?
3
What is the hundred thousands digit of 202012?
2
What is the tens digit of 368535?
3
What is the ten thousands digit of 10514310?
1
What is the units digit of 184118?
8
What is the hundreds digit of 17520251?
2
What is the units digit of 9994333?
3
What is the hundred thousands digit of 2602069?
6
What is the units digit of 762871?
1
What is the units digit of 257329?
9
What is the thousands digit of 148964?
8
What is the hundreds digit of 6024021?
0
What is the units digit of 8915260?
0
What is the hundreds digit of 557496?
4
What is the tens digit of 4200096?
9
What is the hundreds digit of 593501?
5
What is the tens digit of 3250364?
6
What is the units digit of 33943188?
8
What is the hundred thousands digit of 12405063?
4
What is the units digit of 546590?
0
What is